{"id":1848,"date":"2021-07-05T08:52:36","date_gmt":"2021-07-05T08:52:36","guid":{"rendered":"https:\/\/son.webrt.vn\/hantoyota\/?post_type=product&#038;p=1848"},"modified":"2021-10-11T04:29:55","modified_gmt":"2021-10-11T04:29:55","slug":"rush-1-5s-at-4-cap","status":"publish","type":"product","link":"https:\/\/hantoyota.vinastar.info\/?product=rush-1-5s-at-4-cap","title":{"rendered":"Rush 1.5S AT 4 C\u1ea5p"},"content":{"rendered":"<h3><strong>S\u1eb5n s\u00e0ng cho m\u1ecdi h\u00e0nh tr\u00ecnh<\/strong><\/h3>\n<p><strong>Toyota Rush t\u1ea1i Vi\u1ec7t Nam<\/strong> \u0111\u01b0\u1ee3c nh\u1eadp kh\u1ea9u t\u1eeb Indonesia v\u1edbi duy nh\u1ea5t b\u1ea3n Rush 1.5S AT s\u1ed1 t\u1ef1 \u0111\u1ed9ng, b\u1ea3n s\u1ed1 s\u00e0n 1.5MT s\u1ebd v\u1ec1 sau. \u0110\u1ed1i th\u1ee7 c\u1ee7a Toyota Rush l\u00e0 Xpander Cross, Suzuki XL7. Trong n\u0103m 2020, Rush b\u00e1n \u0111\u01b0\u1ee3c 4241 xe (trung b\u00ecnh 353 xe\/th\u00e1ng).<\/p>\n","protected":false},"excerpt":{"rendered":"<div class=\"mh-car-infods\">\n<p class=\"mh-car-info\">Ki\u1ec3u d\u00e1ng : Sedan<\/p>\n<p class=\"mh-car-info\">S\u1ed1 ch\u1ed7 : 7 ch\u1ed7<\/p>\n<p class=\"mh-car-info\">H\u1ed9p s\u1ed1 : S\u1ed1 t\u1ef1 \u0111\u1ed9ng 4 c\u1ea5p<\/p>\n<p class=\"mh-car-info\">Dung t\u00edch : 1496cc<\/p>\n<p class=\"mh-car-info\">Nhi\u00ean li\u1ec7u : X\u0103ng<\/p>\n<\/div>\n<div class=\"add-to-cart-container form-normal is-normal\"><\/div>\n","protected":false},"featured_media":1849,"comment_status":"open","ping_status":"closed","template":"","meta":[],"_links":{"self":[{"href":"https:\/\/hantoyota.vinastar.info\/index.php?rest_route=\/wp\/v2\/product\/1848"}],"collection":[{"href":"https:\/\/hantoyota.vinastar.info\/index.php?rest_route=\/wp\/v2\/product"}],"about":[{"href":"https:\/\/hantoyota.vinastar.info\/index.php?rest_route=\/wp\/v2\/types\/product"}],"replies":[{"embeddable":true,"href":"https:\/\/hantoyota.vinastar.info\/index.php?rest_route=%2Fwp%2Fv2%2Fcomments&post=1848"}],"wp:featuredmedia":[{"embeddable":true,"href":"https:\/\/hantoyota.vinastar.info\/index.php?rest_route=\/wp\/v2\/media\/1849"}],"wp:attachment":[{"href":"https:\/\/hantoyota.vinastar.info\/index.php?rest_route=%2Fwp%2Fv2%2Fmedia&parent=1848"}],"curies":[{"name":"wp","href":"https:\/\/api.w.org\/{rel}","templated":true}]}}