{"id":1814,"date":"2021-07-05T07:36:11","date_gmt":"2021-07-05T07:36:11","guid":{"rendered":"https:\/\/son.webrt.vn\/hantoyota\/?post_type=product&#038;p=1814"},"modified":"2021-10-08T08:24:23","modified_gmt":"2021-10-08T08:24:23","slug":"land-cruiser","status":"publish","type":"product","link":"https:\/\/hantoyota.vinastar.info\/?product=land-cruiser","title":{"rendered":"Land Cruiser"},"content":{"rendered":"<p><strong>\u0110\u1eb3ng c\u1ea5p v\u01b0\u1ee3t t\u1ea7m<\/strong>\u00a0Kh\u1ecfe kho\u1eafn v\u00e0 n\u0103ng \u0111\u1ed9ng, m\u1ea1nh m\u1ebd v\u00e0 c\u00e1 t\u00ednh song v\u1eabn to\u00e1t l\u00ean phong th\u00e1i sang tr\u1ecdng \u0111\u1eb7c tr\u01b0ng, t\u1ea5t c\u1ea3 nh\u1eefng \u01b0u \u0111i\u1ec3m \u1ea5y t\u1ea1o n\u00ean s\u1ee9c h\u00fat cho Land Cruiser, gi\u00fap m\u1eabu xe danh ti\u1ebfng n\u00e0y ti\u1ebfp t\u1ee5c kh\u1eb3ng \u0111\u1ecbnh v\u1ecb th\u1ebf d\u1eabn \u0111\u1ea7u v\u00e0 l\u00e0 ngu\u1ed3n c\u1ea3m h\u1ee9ng v\u00f4 t\u1eadn cho nh\u1eefng ng\u01b0\u1eddi y\u00eau xe \u0111\u1ecba h\u00ecnh \u0111\u1eb3ng c\u1ea5p.\u00a0<strong>Sang tr\u1ecdng &#8211; Ti\u1ec7n nghi<\/strong><\/p>\n<p>N\u1ed9i th\u1ea5t cao c\u1ea5p, sang tr\u1ecdng k\u1ebft h\u1ee3p ho\u00e0n h\u1ea3o v\u1edbi c\u00e1c t\u00ednh n\u0103ng ti\u00ean ti\u1ebfn v\u01b0\u1ee3t b\u1eadc, Land Cruiser phi\u00ean b\u1ea3n m\u1edbi mang \u0111\u1ebfn cho ch\u1ee7 s\u1edf h\u1eefu nh\u1eefng tr\u1ea3i nghi\u1ec7m \u0111\u1ec9nh cao c\u00f9ng v\u1edbi ni\u1ec1m t\u1ef1 h\u00e0o kh\u00f4ng gi\u1edbi h\u1ea1n.<\/p>\n","protected":false},"excerpt":{"rendered":"<p>S\u1ed1 ch\u1ed7 ng\u1ed3i : 7 ch\u1ed7<\/p>\n<p>Ki\u1ec3u d\u00e1ng : SUV<\/p>\n<p>Nhi\u00ean li\u1ec7u : X\u0103ng<\/p>\n<p>Xu\u1ea5t x\u1ee9 : Xe nh\u1eadp kh\u1ea9u<\/p>\n<p>Th\u00f4ng tin kh\u00e1c: S\u1ed1 t\u1ef1 \u0111\u1ed9ng 10 c\u1ea5p<\/p>\n","protected":false},"featured_media":2127,"comment_status":"open","ping_status":"closed","template":"","meta":[],"_links":{"self":[{"href":"https:\/\/hantoyota.vinastar.info\/index.php?rest_route=\/wp\/v2\/product\/1814"}],"collection":[{"href":"https:\/\/hantoyota.vinastar.info\/index.php?rest_route=\/wp\/v2\/product"}],"about":[{"href":"https:\/\/hantoyota.vinastar.info\/index.php?rest_route=\/wp\/v2\/types\/product"}],"replies":[{"embeddable":true,"href":"https:\/\/hantoyota.vinastar.info\/index.php?rest_route=%2Fwp%2Fv2%2Fcomments&post=1814"}],"wp:featuredmedia":[{"embeddable":true,"href":"https:\/\/hantoyota.vinastar.info\/index.php?rest_route=\/wp\/v2\/media\/2127"}],"wp:attachment":[{"href":"https:\/\/hantoyota.vinastar.info\/index.php?rest_route=%2Fwp%2Fv2%2Fmedia&parent=1814"}],"curies":[{"name":"wp","href":"https:\/\/api.w.org\/{rel}","templated":true}]}}