{"id":1665,"date":"2021-07-05T02:54:30","date_gmt":"2021-07-05T02:54:30","guid":{"rendered":"https:\/\/son.webrt.vn\/hantoyota\/?post_type=product&#038;p=1665"},"modified":"2021-10-08T07:49:13","modified_gmt":"2021-10-08T07:49:13","slug":"camry-2-5q-at-6-cap","status":"publish","type":"product","link":"https:\/\/hantoyota.vinastar.info\/?product=camry-2-5q-at-6-cap","title":{"rendered":"CAMRY 2.5Q, AT 6 C\u1ea5p"},"content":{"rendered":"<p><strong>T\u1ed4NG QUAN<\/strong><\/p>\n<p>Ng\u00f4n ng\u1eef thi\u1ebft k\u1ebf th\u00f4ng minh gi\u00e0u c\u1ea3m x\u00fac<\/p>\n<p>Phi\u00ean b\u1ea3n Camry 2019 mang \u0111\u1ebfn m\u1ed9t di\u1ec7n m\u1ea1o m\u1edbi m\u1ebb, v\u00f4 c\u00f9ng b\u1eaft m\u1eaft v\u1edbi s\u1ef1 li\u1ec1n m\u1ea1ch trong m\u1ecdi chi ti\u1ebft thi\u1ebft k\u1ebf, l\u00e0 t\u00e2m \u0111i\u1ec3m thu h\u00fat nh\u1eefng \u00e1nh nh\u00ecn m\u1ed7i khi l\u01b0\u1edbt b\u00e1nh.<\/p>\n<p>N\u1ed9i th\u1ea5t sang tr\u1ecdng, \u0111\u1eb3ng c\u1ea5p<\/p>\n<p>N\u1ed9i th\u1ea5t r\u1ed9ng r\u00e3i, ti\u1ec7n nghi \u0111\u01b0\u1ee3c c\u1ea3i ti\u1ebfn v\u1edbi c\u00f4ng ngh\u1ec7 hi\u1ec7n \u0111\u1ea1i, t\u1ea1o n\u00ean kh\u00f4ng gian \u0111\u1eb3ng c\u1ea5p v\u00e0 y\u00ean b\u00ecnh.<\/p>\n","protected":false},"excerpt":{"rendered":"<p class=\"mh-car-info\">Ki\u1ec3u d\u00e1ng : Sedan<\/p>\n<p class=\"mh-car-info\">S\u1ed1 ch\u1ed7 : 5<\/p>\n<p class=\"mh-car-info\">H\u1ed9p s\u1ed1 : S\u1ed1 t\u1ef1 \u0111\u1ed9ng 6 c\u1ea5p<\/p>\n<p class=\"mh-car-info\">Dung t\u00edch : 2.494 cc<\/p>\n<p class=\"mh-car-info\">Nhi\u00ean li\u1ec7u : \u0110\u1ed9ng c\u01a1 x\u0103ng<\/p>\n","protected":false},"featured_media":1591,"comment_status":"open","ping_status":"closed","template":"","meta":[],"_links":{"self":[{"href":"https:\/\/hantoyota.vinastar.info\/index.php?rest_route=\/wp\/v2\/product\/1665"}],"collection":[{"href":"https:\/\/hantoyota.vinastar.info\/index.php?rest_route=\/wp\/v2\/product"}],"about":[{"href":"https:\/\/hantoyota.vinastar.info\/index.php?rest_route=\/wp\/v2\/types\/product"}],"replies":[{"embeddable":true,"href":"https:\/\/hantoyota.vinastar.info\/index.php?rest_route=%2Fwp%2Fv2%2Fcomments&post=1665"}],"wp:featuredmedia":[{"embeddable":true,"href":"https:\/\/hantoyota.vinastar.info\/index.php?rest_route=\/wp\/v2\/media\/1591"}],"wp:attachment":[{"href":"https:\/\/hantoyota.vinastar.info\/index.php?rest_route=%2Fwp%2Fv2%2Fmedia&parent=1665"}],"curies":[{"name":"wp","href":"https:\/\/api.w.org\/{rel}","templated":true}]}}