{"id":1485,"date":"2021-07-03T09:08:48","date_gmt":"2021-07-03T09:08:48","guid":{"rendered":"https:\/\/son.webrt.vn\/hantoyota\/?post_type=product&#038;p=1485"},"modified":"2021-10-11T06:26:09","modified_gmt":"2021-10-11T06:26:09","slug":"corolla-cross-1-8g","status":"publish","type":"product","link":"https:\/\/hantoyota.vinastar.info\/?product=corolla-cross-1-8g","title":{"rendered":"COROLLA CROSS 1.8G"},"content":{"rendered":"<section id=\"section_2082074019\" class=\"section\">\n<div class=\"section-content relative\">\n<div id=\"row-677965739\" class=\"row row-small\">\n<div id=\"col-111056707\" class=\"col small-12 large-12\">\n<div class=\"col-inner\">\u0110\u1ecbnh h\u01b0\u1edbng thi\u1ebft k\u1ebf c\u1ee7a Corolla Cross nh\u1eafm t\u1edbi xu h\u01b0\u1edbng tr\u01b0\u1edfng th\u00e0nh v\u00e0 \u0111\u00f4 th\u1ecb, kh\u00e1c bi\u1ec7t v\u1edbi c\u00e1c m\u1eabu xe hi\u1ec7n t\u1ea1i c\u1ee7a Toyota. Thi\u1ebft k\u1ebf m\u1ea1nh m\u1ebd, li\u1ec1n m\u1ea1ch \u0111\u01b0\u1ee3c nh\u1ea5n m\u1ea1nh b\u1edfi \u0111\u01b0\u1eddng g\u00e2n n\u1ed5i hai b\u00ean h\u00f4ng qua ch\u1eafn b\u00f9n ph\u00eda tr\u01b0\u1edbc.Thi\u1ebft k\u1ebf m\u1ed9t tr\u1ee5c ch\u1ea1y t\u1eeb tr\u01b0\u1edbc ra sau, cabin ki\u1ec3u d\u00e1ng \u0111\u1eb9p, ti\u1ec7n \u00edch v\u00e0 \u0111\u1eb3ng c\u1ea5p. S\u1ef1 h\u1ee3p nh\u1ea5t 3 chi\u1ec1u t\u00e1o b\u1ea1o c\u1ee7a ch\u1eafn b\u00f9n tr\u01b0\u1edbc v\u00e0 sau th\u1ec3 hi\u1ec7n s\u1ef1 n\u0103ng \u0111\u1ed9ng.<\/div>\n<\/div>\n<\/div>\n<\/div>\n<\/section>\n","protected":false},"excerpt":{"rendered":"<div class=\"mh-car-infods\">\n<p class=\"mh-car-info\">Ki\u1ec3u d\u00e1ng : SUV (xe th\u1ec3 thao \u0111a d\u1ee5ng)<\/p>\n<p class=\"mh-car-info\">S\u1ed1 ch\u1ed7 : 5 ch\u1ed7<\/p>\n<p class=\"mh-car-info\">H\u1ed9p s\u1ed1 : S\u1ed1 t\u1ef1 \u0111\u1ed9ng v\u00f4 c\u1ea5p\/CVT<\/p>\n<p class=\"mh-car-info\">Dung t\u00edch : 1798cc<\/p>\n<p class=\"mh-car-info\">Nhi\u00ean li\u1ec7u : X\u0103ng\/Petrol<\/p>\n<\/div>\n","protected":false},"featured_media":1499,"comment_status":"open","ping_status":"closed","template":"","meta":[],"_links":{"self":[{"href":"https:\/\/hantoyota.vinastar.info\/index.php?rest_route=\/wp\/v2\/product\/1485"}],"collection":[{"href":"https:\/\/hantoyota.vinastar.info\/index.php?rest_route=\/wp\/v2\/product"}],"about":[{"href":"https:\/\/hantoyota.vinastar.info\/index.php?rest_route=\/wp\/v2\/types\/product"}],"replies":[{"embeddable":true,"href":"https:\/\/hantoyota.vinastar.info\/index.php?rest_route=%2Fwp%2Fv2%2Fcomments&post=1485"}],"wp:featuredmedia":[{"embeddable":true,"href":"https:\/\/hantoyota.vinastar.info\/index.php?rest_route=\/wp\/v2\/media\/1499"}],"wp:attachment":[{"href":"https:\/\/hantoyota.vinastar.info\/index.php?rest_route=%2Fwp%2Fv2%2Fmedia&parent=1485"}],"curies":[{"name":"wp","href":"https:\/\/api.w.org\/{rel}","templated":true}]}}